factor of j and 231.
21
Let j = -5 - 9. Let k be (j/(-4))/((-2)/(-4)). Let s be ((-52)/(-6) + -8)*42. What is the greatest common divisor of s and k?
7
Let p(f) = -f**3 + 9*f**2 + 11*f - 2. Let h be p(10). Suppose -h*m + 4 = -10*m. Let i be 3/(1*m/(-18)). Calculate the highest common factor of i and 3.
3
Suppose 104*k - 645 = 89*k. What is the highest common factor of 387 and k?
43
Let w be (18 - -17)*7*1. Let s = -128 + w. What is the greatest common divisor of s and 78?
39
Let j be (-14)/(-4) - (12/3)/8. Suppose -4*w - p - 4*p = -1005, -15 = -j*p. Calculate the greatest common factor of w and 35.
35
Let t = 23 - 14. Suppose 0 = -5*i + 5*h - 17 - 43, 0 = 5*h + 15. Let c = 87 + i. What is the greatest common factor of c and t?
9
Let z be 2938/13 + 4 + (0 - -6). Calculate the greatest common divisor of z and 12.
4
Suppose -4*w + 3*w + 1 = 0. Let d be -2 + 23 + w + -1. Suppose 3*i + 3*l = 24, -2*i - 5*l + d - 5 = 0. What is the highest common factor of 72 and i?
8
Let v(z) = -z**3 - 10*z**2 - 9*z + 5. Let b be v(-10). Let u = b - -103. What is the greatest common divisor of 18 and u?
18
Suppose -5*c + 3*w = -314, 3*w + 2*w = -2*c + 138. Suppose c = v + 2*v - 4*x, 26 = v + x. What is the greatest common factor of v and 12?
12
Let i = -56 - -96. Let m = 57 - i. Let y = m + -10. Calculate the greatest common factor of 7 and y.
7
Let x be 2 - -9*(-1)/3. Let k be (-16 - -222) + x/(-1). Calculate the highest common divisor of 23 and k.
23
Suppose 60 = 4*f + f - 4*t, -5*t - 60 = -5*f. Let l(o) = o**2 + 9*o + 22. Let d be l(-3). Calculate the highest common divisor of d and f.
4
Let h = 162 + -49. Let n = h + -69. Calculate the greatest common factor of n and 11.
11
Suppose 4716 = 82*g - 79*g. Calculate the greatest common divisor of 12 and g.
12
Let h be 0 - (-4)/1 - -6. Let i = 153 - 63. What is the highest common factor of i and h?
10
Suppose -4*m + 33 = -43. Suppose 4*y - 412 = 348. Calculate the highest common divisor of y and m.
19
Suppose 11*h + 280 = -1183. Let r = h + 134. What is the highest common factor of 17 and r?
1
Let c(v) = -v**2 - 7*v + 4. Let o be c(-7). Let s be -2 + 11 + 1 + 0. Let b(t) = 3*t + 14. Let p be b(s). What is the highest common divisor of o and p?
4
Suppose -w - 3*n - 4 = 0, 2*w - 5*n = -0*w + 25. Suppose 3*x + w*y + 1 = 0, 4*x = -0*x + 5*y + 22. Calculate the greatest common divisor of x and 39.
3
Suppose -6*h = -3*h - 6. Let r(d) = d**2 - 19*d - 112. Let x be r(-5). Calculate the greatest common factor of h and x.
2
Let l(r) = 5*r + 4. Let k be l(3). Let t(c) = 74*c + 1. Let s be t(2). Let q be s + 2 + 0 + 14/14. What is the highest common divisor of k and q?
19
Let f = -4 + 12. Let z = -8 + f. Suppose -4*t = t - m - 11, z = 2*t + 4*m. What is the highest common factor of t and 22?
2
Suppose 5*o - 37 = -3*h, 4*o - h = 28 + 5. What is the greatest common divisor of 248 and o?
8
Let c = 8 + -13. Let t(x) = 3*x**2 - 3007*x**3 + 3*x**2 + 3008*x**3 + 2 + x. Let b be t(c). Calculate the greatest common factor of 11 and b.
11
Let p be -1 + (-404 + -3)/(-5 - -4). What is the greatest common factor of 14 and p?
14
Suppose -9*y = -0*y - 45. Let c be ((-8)/(-12))/(4/30). Let v(h) = h**3 - 4*h**2 - 2*h. Let m be v(c). Calculate the greatest common divisor of y and m.
5
Let l be 286 - (0 + (1 - -3))/(-2). What is the highest common divisor of l and 198?
18
Let s be (-2 + -13)*(-18)/30 - -1. What is the greatest common factor of s and 10?
10
Suppose 5*d + 10 = r, -3*d - 7 = -2*r + 6. Suppose -r*i + 6 = -2*i. Let m be (i*-11)/(26/(-13)). What is the greatest common factor of m and 77?
11
Let s(x) = x**3 - 10*x**2 + 9*x + 8. Let u be s(9). Let l(d) = 3*d - 27. Let t be l(19). Suppose -c = t - 102. Calculate the greatest common factor of c and u.
8
Let u be (-26)/(-8) - (-1)/(-4). Suppose -w = -116 + 108. Suppose -w*p + 80 = -u*p. What is the highest common divisor of 144 and p?
16
Let r(u) = 63 + 7*u - 57 + 5*u**2 - 2*u. Let f be r(-2). Suppose 23 = -3*i + 143. What is the highest common divisor of f and i?
8
Suppose 948 + 1097 = 43*g - 965. Suppose -3*t - 66 = -3*s, 7*s - 52 = 4*s - 4*t. What is the greatest common factor of s and g?
10
Let i(s) = 70*s**2 + 7*s - 7. Let d be i(-4). Suppose -92*k = -97*k + d. What is the greatest common divisor of k and 31?
31
Suppose -4*c = -5 - 7. Suppose 2*m + 5 = c*m. Calculate the highest common factor of 35 and m.
5
Suppose 29*d - 800 = 25*d. Calculate the greatest common divisor of 50 and d.
50
Suppose 0 = -2*t + 11*t - 45. Suppose 0*u + 2*u + t*o - 29 = 0, -o = 4*u - 67. Calculate the highest common factor of u and 68.
17
Let v be (-260)/(-22) - (-2)/11. Let h(y) = 211*y + 2. Let w be h(-1). Let s = w - -317. Calculate the highest common factor of v and s.
12
Let t(o) = -10*o - 10. Let g be t(-8). Suppose -i - g = -215. Suppose 6*x = -5*x + 638. What is the highest common factor of x and i?
29
Let p = 1702 - 1117. What is the highest common divisor of p and 45?
45
Let i(j) = 2*j**2 + 5*j + 3. Let x be i(-3). Suppose 126 = 2*o - 0*o + 3*l, -2*l = 3*o - 184. Let q = 102 - o. Calculate the highest common divisor of q and x.
6
Let y(x) = 24*x**2 - 7*x - 6. Suppose 2*f - w = -13, 4*f + 21 = 3*w - 2*w. Let p be y(f). Calculate the highest common factor of p and 58.
58
Suppose 3*k + 2*l - 18 + 6 = 0, -2*k + 8 = -l. Suppose -3*q + k*o = -614, -o = -0 - 4. Calculate the highest common divisor of 30 and q.
30
Suppose 4*u + 155 = 5*v, -5*v - 95 + 250 = -2*u. Calculate the greatest common divisor of 899 and v.
31
Suppose 0*r + r = 90. Let j be (-1 + (-5)/(-10))/(5/(-600)). What is the greatest common divisor of r and j?
30
Let d = -5 + 34. Suppose 0 = -3*c + d - 2. What is the highest common factor of c and 18?
9
Suppose -4 = 2169*r - 2173*r. Calculate the greatest common divisor of r and 61.
1
Let i(k) be the third derivative of -k**4/8 + 4*k**3/3 - 21*k**2. Let d be i(-4). What is the highest common divisor of 20 and d?
20
Let v = -1 + -3. Let a be 3 + -2 - (1 + v). Let d be (-368)/((-16)/a) - 2. What is the greatest common factor of 18 and d?
18
Let b(o) = 7*o + 5. Let m be b(1). What is the greatest common divisor of m and 124?
4
Suppose -100*z + 64 = -96*z. Calculate the greatest common divisor of 4 and z.
4
Suppose -g - y + 0 + 17 = 0, 46 = 3*g - 2*y. Calculate the greatest common factor of 4 and g.
4
Let y be 22/6 + -3 + (-2)/3. Let o be 6 - (y + (0 - 0)). Suppose -3 = -j + 12. Calculate the highest common divisor of j and o.
3
Suppose s = -s + 112. Let v be ((-84)/(-18))/((-16)/(-24)). Calculate the greatest common divisor of s and v.
7
Let g(s) = -85*s + 77. Let d be g(-2). Calculate the greatest common divisor of d and 13.
13
Suppose 2*y = 5*c - 10*c + 927, 5*y = c - 180. Let v be (-2)/10 + (-23)/((-575)/930). What is the greatest common divisor of c and v?
37
Suppose 0*r = 26*r - 546. What is the highest common divisor of 9 and r?
3
Let f = -30 + 48. Let h be (-6)/(-27) - (-716)/f. Calculate the highest common factor of h and 16.
8
Let n be 2/11 - (-6)/(-33). Let j = 67 + -65. Suppose 0 = 5*m - r - 235, n*m - j*r = 4*m - 202. Calculate the highest common divisor of m and 16.
16
Let b be (9 - 11)/(3/(-6)). Suppose -72 = -2*d - 3*s + 6*s, b*s + 16 = 0. Calculate the greatest common divisor of d and 15.
15
Suppose 0*t = -2*t. Let a = 251 - 249. Suppose t = a*m - 1 - 11. What is the greatest common divisor of m and 4?
2
Suppose 6*l + 4*m = 3*l - 22, -l - 18 = 4*m. Let h be l/(-7) - 104/(-28) - -241. Calculate the highest common factor of 49 and h.
49
Let h be 0/10 + 0/1. Suppose -4*n + 4*r + 664 = 0, h*r = 4*r + 20. What is the highest common factor of n and 23?
23
Let i = -7 - -11. Suppose -d = -0*d + m - 26, -i*m - 112 = -5*d. Suppose -108 + d = -w. What is the greatest common factor of w and 12?
12
Let q(a) = -1 + a + 0 + 2 - 9. Let b be q(8). Suppose -4*l - 5*g = -143, 5*g = -b*l - 5*l + 175. Calculate the greatest common divisor of 4 and l.
4
Let u(r) = r**2 - 2*r - 10. Let m be u(5). Suppose 2*h - 136 = -2*g, -200 = -0*g - 3*g - m*h. What is the greatest common divisor of g and 14?
14
Suppose -f + 2*r + 25 = 0, -5*f + 141 = -5*r - 4. Let v = -96 - -195. What is the highest common factor of f and v?
33
Suppose 0 = 5*j + 1 - 76. Let d = j - 14. Let z be 3/2*(-16)/(-3). What is the highest 